{"id":21155,"date":"2026-01-15T14:17:26","date_gmt":"2026-01-15T19:17:26","guid":{"rendered":"https:\/\/mathmatters.cms.math.ca\/?post_type=issue&#038;p=21155"},"modified":"2026-01-15T14:17:26","modified_gmt":"2026-01-15T19:17:26","slug":"numero-du-16-janvier-2026","status":"publish","type":"issue","link":"https:\/\/mathmatters.cms.math.ca\/fr\/numero\/numero-du-16-janvier-2026\/","title":{"rendered":"Num\u00e9ro du 16 janvier 2026"},"content":{"rendered":"\t\t<div data-elementor-type=\"wp-post\" data-elementor-id=\"21155\" class=\"elementor elementor-21155 elementor-21133\" data-elementor-post-type=\"issue\">\n\t\t\t\t\t\t<section class=\"elementor-section elementor-top-section elementor-element elementor-element-d24781b elementor-section-boxed elementor-section-height-default elementor-section-height-default\" data-id=\"d24781b\" data-element_type=\"section\">\n\t\t\t\t\t\t<div class=\"elementor-container elementor-column-gap-default\">\n\t\t\t\t\t<div class=\"elementor-column elementor-col-100 elementor-top-column elementor-element elementor-element-c1f3b33\" data-id=\"c1f3b33\" data-element_type=\"column\">\n\t\t\t<div class=\"elementor-widget-wrap elementor-element-populated\">\n\t\t\t\t\t\t<div class=\"elementor-element elementor-element-6491fa8 elementor-widget elementor-widget-shortcode\" data-id=\"6491fa8\" data-element_type=\"widget\" data-widget_type=\"shortcode.default\">\n\t\t\t\t<div class=\"elementor-widget-container\">\n\t\t\t\t\t\t\t<div class=\"elementor-shortcode\"><div class='notes_render_toc notes_noprint notes_toc_style_1' style='' id='notes_toc'>\n<div class='notes_toc_top_fade'><\/div>\n<div class='notes_toc_top_bar'>\n  <div class='notes_toc_title'>Table des mati\u00e8res<\/div>\n  <div class='notes_toc_issuedata'>\nNum\u00e9ro du 16 janvier 2026 : tome&nbsp;3,&nbsp;no.&nbsp;2  <\/div>\n<\/div>\n<div class='notes_clearboth notes_topborder'><\/div>\n<div class='notes_toc_body'>\n  <div class='notes_toc_articles'>\n    <div class='notes_toc_article'>\n      <div class='notes_toc_section_name'>R\u00e9unions de la SMC<\/div>\n      <div class='notes_toc_article_row'>\n        <div class='notes_toc_article_pdf'>\n        <\/div>\n        <a class='notes_toc_article_title_link' href='https:\/\/mathmatters.cms.math.ca\/fr\/article\/nouveaute-reunion-dete-2026-de-la-smc-5-8-juin-appel-a-sessions\/'>R\u00e9union d\u2019\u00e9t\u00e9 2026 de la SMC, 5-8 juin | Appel \u00e0 sessions - Date limite prolong\u00e9e<\/a>      <\/div>\n    <\/div>\n    <div class='notes_toc_article'>\n      <div class='notes_toc_article_row'>\n        <div class='notes_toc_article_pdf'>\n        <\/div>\n        <a class='notes_toc_article_title_link' href='https:\/\/mathmatters.cms.math.ca\/fr\/article\/nouveaute-reunion-dete-2026-de-la-smc-5-8-juin-reservez-la-date\/'>R\u00e9union d'\u00e9t\u00e9 2026 de la SMC, 5-8 juin | R\u00e9servez la date!<\/a>      <\/div>\n    <\/div>\n    <div class='notes_toc_article'>\n      <div class='notes_toc_article_row'>\n        <div class='notes_toc_article_pdf'>\n        <\/div>\n        <a class='notes_toc_article_title_link' href='https:\/\/mathmatters.cms.math.ca\/fr\/article\/nouveaute-reunion-dhiver-2026-de-la-smc-11-14-decembre-reservez-la-date\/'>R\u00e9union d'hiver 2026 de la SMC, 11-14 d\u00e9cembre| R\u00e9servez la date!<\/a>      <\/div>\n    <\/div>\n    <div class='notes_toc_article'>\n      <div class='notes_toc_section_name'>Annonces<\/div>\n      <div class='notes_toc_article_row'>\n        <div class='notes_toc_article_pdf'>\n        <\/div>\n        <a class='notes_toc_article_title_link' href='https:\/\/mathmatters.cms.math.ca\/fr\/article\/nouveaute-bourses-du-fonds-de-dotation-2026\/'>Bourses du fonds de dotation 2026<\/a>      <\/div>\n    <\/div>\n    <div class='notes_toc_article'>\n      <div class='notes_toc_article_row'>\n        <div class='notes_toc_article_pdf'>\n        <\/div>\n        <a class='notes_toc_article_title_link' href='https:\/\/mathmatters.cms.math.ca\/fr\/article\/nouveaute-le-departement-de-mathematiques-et-de-statistique-de-luniversite-brock-nomme-son-centre-dapprentissage-en-lhonneur-du-professeur-emerite-eric-r-muller\/'>Le D\u00e9partement de math\u00e9matiques et de statistique de l\u2019Universit\u00e9 Brock nomme son centre d\u2019apprentissage en l\u2019honneur du professeur \u00e9m\u00e9rite \u00c9ric R. Muller<\/a> <span class='notes_toc_author_name'>&mdash;&nbsp;Hichem Bel-El-Mechaiekh, Chantal Buteau, Bernard R. Hodgson<\/span>      <\/div>\n    <\/div>\n    <div class='notes_toc_article'>\n      <div class='notes_toc_article_row'>\n        <div class='notes_toc_article_pdf'>\n        <\/div>\n        <a class='notes_toc_article_title_link' href='https:\/\/mathmatters.cms.math.ca\/fr\/article\/camp-de-maths-dete-du-smc-2025-les-inscriptions-sont-ouvertes\/'>Camp d'\u00e9t\u00e9 de math\u00e9matiques 2026 de la SMC | Les inscriptions sont ouvertes<\/a>      <\/div>\n    <\/div>\n    <div class='notes_toc_article'>\n      <div class='notes_toc_article_row'>\n        <div class='notes_toc_article_pdf'>\n        <\/div>\n        <a class='notes_toc_article_title_link' href='https:\/\/mathmatters.cms.math.ca\/fr\/article\/nouveaute-call-for-applications-a-new-course-based-master-program-in-data-science-at-the-university-of-alberta\/'>Call for Applications - A New Course-Based Master Program in Data Science at the University of Alberta<\/a> <span class='notes_toc_author_name'>&mdash;&nbsp;Jane Cooper<\/span>      <\/div>\n    <\/div>\n    <div class='notes_toc_article'>\n      <div class='notes_toc_article_row'>\n        <div class='notes_toc_article_pdf'>\n        <\/div>\n        <a class='notes_toc_article_title_link' href='https:\/\/mathmatters.cms.math.ca\/fr\/article\/nouveaute-queer-in-computational-and-applied-mathematics-qcam-workshop\/'>Queer in Computational and Applied Mathematics (QCAM) Workshop<\/a> <span class='notes_toc_author_name'>&mdash;&nbsp;QCAM Organizing Committee<\/span>      <\/div>\n    <\/div>\n    <div class='notes_toc_article'>\n      <div class='notes_toc_article_row'>\n        <div class='notes_toc_article_pdf'>\n        <\/div>\n        <a class='notes_toc_article_title_link' href='https:\/\/mathmatters.cms.math.ca\/fr\/article\/nouveaute-2026-awm-mfa-essay-contest\/'>2026 AWM\/MfA Essay Contest<\/a> <span class='notes_toc_author_name'>&mdash;&nbsp;Johanna Franklin<\/span>      <\/div>\n    <\/div>\n    <div class='notes_toc_article'>\n      <div class='notes_toc_section_name'>Appel de mises en candidature<\/div>\n      <div class='notes_toc_article_row'>\n        <div class='notes_toc_article_pdf'>\n        <\/div>\n        <a class='notes_toc_article_title_link' href='https:\/\/mathmatters.cms.math.ca\/fr\/article\/nouveaute-appel-a-mises-en-candidature-prix-graham-wright-2026-date-limite-31-mars-2026\/'>Appel \u00e0 mises en candidature : Prix Graham Wright 2026 | Date limite : 31 mars 2026<\/a>      <\/div>\n    <\/div>\n    <div class='notes_toc_article'>\n      <div class='notes_toc_article_row'>\n        <div class='notes_toc_article_pdf'>\n        <\/div>\n        <a class='notes_toc_article_title_link' href='https:\/\/mathmatters.cms.math.ca\/fr\/article\/nouveaute-appel-a-mises-en-candidature-fellows-2026-de-la-smc-date-limite-31-mars-2026\/'>Appel \u00e0 mises en candidature : Fellows 2026 de la SMC | Date limite : 31 mars 2026<\/a>      <\/div>\n    <\/div>\n    <div class='notes_toc_article'>\n      <div class='notes_toc_article_row'>\n        <div class='notes_toc_article_pdf'>\n        <\/div>\n        <a class='notes_toc_article_title_link' href='https:\/\/mathmatters.cms.math.ca\/fr\/article\/nouveaute-appel-a-mises-en-candidatures-redacteurtrices-en-chef-pour-le-journal-canadien-de-mathematiques-jcm\/'>Appel aux mises en candidature : R\u00e9dacteur(trice)s en chef pour le Journal canadien de math\u00e9matiques (JCM) | date limite 15 avril 2026<\/a>      <\/div>\n    <\/div>\n    <div class='notes_toc_article'>\n      <div class='notes_toc_article_row'>\n        <div class='notes_toc_article_pdf'>\n        <\/div>\n        <a class='notes_toc_article_title_link' href='https:\/\/mathmatters.cms.math.ca\/fr\/article\/nouveaute-appel-a-mises-en-candidature-prix-adrien-pouliot-2026-date-limite-30-avril-2026\/'>Appel \u00e0 mises en candidature : Prix Adrien Pouliot 2026 | Date limite : 30 avril 2026<\/a>      <\/div>\n    <\/div>\n    <div class='notes_toc_article'>\n      <div class='notes_toc_article_row'>\n        <div class='notes_toc_article_pdf'>\n        <\/div>\n        <a class='notes_toc_article_title_link' href='https:\/\/mathmatters.cms.math.ca\/fr\/article\/appel-aux-mises-en-candidature-prix-de-doctorat-blair-spearman-de-la-smc-2026-date-limite-31-janvier-2026\/'>Appel aux mises en candidature : Prix de doctorat Blair Spearman de la SMC 2026 | date limite 31 janvier 2026<\/a>      <\/div>\n    <\/div>\n<\/div>\n<\/div>\n<div class='notes_toc_bottom_fade'><\/div>\n<\/div>\n<\/div>\n\t\t\t\t\t\t<\/div>\n\t\t\t\t<\/div>\n\t\t\t\t\t<\/div>\n\t\t<\/div>\n\t\t\t\t\t<\/div>\n\t\t<\/section>\n\t\t\t\t<\/div>\n\t\t","protected":false},"parent":0,"menu_order":0,"template":"","class_list":["post-21155","issue","type-issue","status-publish","hentry"],"toolset-meta":{"field-group-for-issues":{"volume-number":{"type":"numeric","raw":"3"},"issue-number":{"type":"numeric","raw":"2"},"issue-month-number":{"type":"numeric","raw":"1"},"embargo-date":{"type":"date","raw":"","formatted":null},"issue-pdf":{"type":"file","raw":"","attachment_id":null}}},"_links":{"self":[{"href":"https:\/\/mathmatters.cms.math.ca\/fr\/wp-json\/wp\/v2\/issue\/21155","targetHints":{"allow":["GET"]}}],"collection":[{"href":"https:\/\/mathmatters.cms.math.ca\/fr\/wp-json\/wp\/v2\/issue"}],"about":[{"href":"https:\/\/mathmatters.cms.math.ca\/fr\/wp-json\/wp\/v2\/types\/issue"}],"version-history":[{"count":1,"href":"https:\/\/mathmatters.cms.math.ca\/fr\/wp-json\/wp\/v2\/issue\/21155\/revisions"}],"predecessor-version":[{"id":21156,"href":"https:\/\/mathmatters.cms.math.ca\/fr\/wp-json\/wp\/v2\/issue\/21155\/revisions\/21156"}],"wp:attachment":[{"href":"https:\/\/mathmatters.cms.math.ca\/fr\/wp-json\/wp\/v2\/media?parent=21155"}],"curies":[{"name":"wp","href":"https:\/\/api.w.org\/{rel}","templated":true}]}}

Numéro du 16 janvier 2026

<div data-elementor-type="wp-post" data-elementor-id="21155" class="elementor elementor-21155 elementor-21133" data-elementor-post-type="issue">
						<section class="elementor-section elementor-top-section elementor-element elementor-element-d24781b elementor-section-boxed elementor-section-height-default elementor-section-height-default" data-id="d24781b" data-element_type="section">
						<div class="elementor-container elementor-column-gap-default">
					<div class="elementor-column elementor-col-100 elementor-top-column elementor-element elementor-element-c1f3b33" data-id="c1f3b33" data-element_type="column">
			<div class="elementor-widget-wrap elementor-element-populated">
						<div class="elementor-element elementor-element-6491fa8 elementor-widget elementor-widget-shortcode" data-id="6491fa8" data-element_type="widget" data-widget_type="shortcode.default">
				<div class="elementor-widget-container">
							<div class="elementor-shortcode"><div class='notes_render_toc notes_noprint notes_toc_style_1' style='' id='notes_toc'>
<div class='notes_toc_top_fade'></div>
<div class='notes_toc_top_bar'>
  <div class='notes_toc_title'>Table des matières</div>
  <div class='notes_toc_issuedata'>
Numéro du 16 janvier 2026 : tome&nbsp;3,&nbsp;no.&nbsp;2  </div>
</div>
<div class='notes_clearboth notes_topborder'></div>
<div class='notes_toc_body'>
  <div class='notes_toc_articles'>
    <div class='notes_toc_article'>
      <div class='notes_toc_section_name'>Réunions de la SMC</div>
      <div class='notes_toc_article_row'>
        <div class='notes_toc_article_pdf'>
        </div>
        <a class='notes_toc_article_title_link' href='https://mathmatters.cms.math.ca/fr/article/nouveaute-reunion-dete-2026-de-la-smc-5-8-juin-appel-a-sessions/'>Réunion d’été 2026 de la SMC, 5-8 juin | Appel à sessions - Date limite prolongée</a>      </div>
    </div>
    <div class='notes_toc_article'>
      <div class='notes_toc_article_row'>
        <div class='notes_toc_article_pdf'>
        </div>
        <a class='notes_toc_article_title_link' href='https://mathmatters.cms.math.ca/fr/article/nouveaute-reunion-dete-2026-de-la-smc-5-8-juin-reservez-la-date/'>Réunion d'été 2026 de la SMC, 5-8 juin | Réservez la date!</a>      </div>
    </div>
    <div class='notes_toc_article'>
      <div class='notes_toc_article_row'>
        <div class='notes_toc_article_pdf'>
        </div>
        <a class='notes_toc_article_title_link' href='https://mathmatters.cms.math.ca/fr/article/nouveaute-reunion-dhiver-2026-de-la-smc-11-14-decembre-reservez-la-date/'>Réunion d'hiver 2026 de la SMC, 11-14 décembre| Réservez la date!</a>      </div>
    </div>
    <div class='notes_toc_article'>
      <div class='notes_toc_section_name'>Annonces</div>
      <div class='notes_toc_article_row'>
        <div class='notes_toc_article_pdf'>
        </div>
        <a class='notes_toc_article_title_link' href='https://mathmatters.cms.math.ca/fr/article/nouveaute-bourses-du-fonds-de-dotation-2026/'>Bourses du fonds de dotation 2026</a>      </div>
    </div>
    <div class='notes_toc_article'>
      <div class='notes_toc_article_row'>
        <div class='notes_toc_article_pdf'>
        </div>
        <a class='notes_toc_article_title_link' href='https://mathmatters.cms.math.ca/fr/article/nouveaute-le-departement-de-mathematiques-et-de-statistique-de-luniversite-brock-nomme-son-centre-dapprentissage-en-lhonneur-du-professeur-emerite-eric-r-muller/'>Le Département de mathématiques et de statistique de l’Université Brock nomme son centre d’apprentissage en l’honneur du professeur émérite Éric R. Muller</a> <span class='notes_toc_author_name'>&mdash;&nbsp;Hichem Bel-El-Mechaiekh, Chantal Buteau, Bernard R. Hodgson</span>      </div>
    </div>
    <div class='notes_toc_article'>
      <div class='notes_toc_article_row'>
        <div class='notes_toc_article_pdf'>
        </div>
        <a class='notes_toc_article_title_link' href='https://mathmatters.cms.math.ca/fr/article/camp-de-maths-dete-du-smc-2025-les-inscriptions-sont-ouvertes/'>Camp d'été de mathématiques 2026 de la SMC | Les inscriptions sont ouvertes</a>      </div>
    </div>
    <div class='notes_toc_article'>
      <div class='notes_toc_article_row'>
        <div class='notes_toc_article_pdf'>
        </div>
        <a class='notes_toc_article_title_link' href='https://mathmatters.cms.math.ca/fr/article/nouveaute-call-for-applications-a-new-course-based-master-program-in-data-science-at-the-university-of-alberta/'>Call for Applications - A New Course-Based Master Program in Data Science at the University of Alberta</a> <span class='notes_toc_author_name'>&mdash;&nbsp;Jane Cooper</span>      </div>
    </div>
    <div class='notes_toc_article'>
      <div class='notes_toc_article_row'>
        <div class='notes_toc_article_pdf'>
        </div>
        <a class='notes_toc_article_title_link' href='https://mathmatters.cms.math.ca/fr/article/nouveaute-queer-in-computational-and-applied-mathematics-qcam-workshop/'>Queer in Computational and Applied Mathematics (QCAM) Workshop</a> <span class='notes_toc_author_name'>&mdash;&nbsp;QCAM Organizing Committee</span>      </div>
    </div>
    <div class='notes_toc_article'>
      <div class='notes_toc_article_row'>
        <div class='notes_toc_article_pdf'>
        </div>
        <a class='notes_toc_article_title_link' href='https://mathmatters.cms.math.ca/fr/article/nouveaute-2026-awm-mfa-essay-contest/'>2026 AWM/MfA Essay Contest</a> <span class='notes_toc_author_name'>&mdash;&nbsp;Johanna Franklin</span>      </div>
    </div>
    <div class='notes_toc_article'>
      <div class='notes_toc_section_name'>Appel de mises en candidature</div>
      <div class='notes_toc_article_row'>
        <div class='notes_toc_article_pdf'>
        </div>
        <a class='notes_toc_article_title_link' href='https://mathmatters.cms.math.ca/fr/article/nouveaute-appel-a-mises-en-candidature-prix-graham-wright-2026-date-limite-31-mars-2026/'>Appel à mises en candidature : Prix Graham Wright 2026 | Date limite : 31 mars 2026</a>      </div>
    </div>
    <div class='notes_toc_article'>
      <div class='notes_toc_article_row'>
        <div class='notes_toc_article_pdf'>
        </div>
        <a class='notes_toc_article_title_link' href='https://mathmatters.cms.math.ca/fr/article/nouveaute-appel-a-mises-en-candidature-fellows-2026-de-la-smc-date-limite-31-mars-2026/'>Appel à mises en candidature : Fellows 2026 de la SMC | Date limite : 31 mars 2026</a>      </div>
    </div>
    <div class='notes_toc_article'>
      <div class='notes_toc_article_row'>
        <div class='notes_toc_article_pdf'>
        </div>
        <a class='notes_toc_article_title_link' href='https://mathmatters.cms.math.ca/fr/article/nouveaute-appel-a-mises-en-candidatures-redacteurtrices-en-chef-pour-le-journal-canadien-de-mathematiques-jcm/'>Appel aux mises en candidature : Rédacteur(trice)s en chef pour le Journal canadien de mathématiques (JCM) | date limite 15 avril 2026</a>      </div>
    </div>
    <div class='notes_toc_article'>
      <div class='notes_toc_article_row'>
        <div class='notes_toc_article_pdf'>
        </div>
        <a class='notes_toc_article_title_link' href='https://mathmatters.cms.math.ca/fr/article/nouveaute-appel-a-mises-en-candidature-prix-adrien-pouliot-2026-date-limite-30-avril-2026/'>Appel à mises en candidature : Prix Adrien Pouliot 2026 | Date limite : 30 avril 2026</a>      </div>
    </div>
    <div class='notes_toc_article'>
      <div class='notes_toc_article_row'>
        <div class='notes_toc_article_pdf'>
        </div>
        <a class='notes_toc_article_title_link' href='https://mathmatters.cms.math.ca/fr/article/appel-aux-mises-en-candidature-prix-de-doctorat-blair-spearman-de-la-smc-2026-date-limite-31-janvier-2026/'>Appel aux mises en candidature : Prix de doctorat Blair Spearman de la SMC 2026 | date limite 31 janvier 2026</a>      </div>
    </div>
</div>
</div>
<div class='notes_toc_bottom_fade'></div>
</div>
</div>
						</div>
				</div>
					</div>
		</div>
					</div>
		</section>
				</div>
